{"id":209373,"date":"2016-06-15T00:00:00","date_gmt":"2016-06-14T22:00:00","guid":{"rendered":"https:\/\/www.alfauna.ch.vasco.sui-inter.net\/shop\/non%20class\u00e9\/siege-de-voiture-41x39x42cm-noir-gris\/"},"modified":"2026-04-27T01:16:50","modified_gmt":"2026-04-26T23:16:50","slug":"siege-de-voiture-41x39x42cm-noir-gris","status":"publish","type":"product","link":"https:\/\/www.alfauna.ch\/fr\/boutique\/chiens\/en-route\/auto-accessoires\/siege-de-voiture-41x39x42cm-noir-gris\/","title":{"rendered":"Si\u00e8ge de voiture, 41x39x42cm, noir\/gris"},"content":{"rendered":"<p>utilisable \u00e9galement en lit de voyage<br \/>\nrehausseur de si\u00e8ge dessous, permet au chien de regarder par la fen\u00eatre<br \/>\ns\u00e9curit\u00e9 du si\u00e8ge et ceinture de fixation avec la ceinture de s\u00e9curit\u00e9 de la voiture<br \/>\nceinture de fixation incluse pour attacher le chie<\/p>\n","protected":false},"excerpt":{"rendered":"<p>utilisable \u00e9galement en lit de voyage rehausseur de si\u00e8ge dessous, permet au chien de regarder par la fen\u00eatre s\u00e9curit\u00e9 du si\u00e8ge et ceinture de fixation avec la ceinture de s\u00e9curit\u00e9 de la voiture ceinture de fixation incluse pour attacher le chie<\/p>\n","protected":false},"featured_media":535790,"template":"","meta":{"_acf_changed":false},"product_brand":[],"product_cat":[3685,3757,3094],"product_tag":[],"class_list":{"0":"post-209373","1":"product","2":"type-product","3":"status-publish","4":"has-post-thumbnail","6":"product_cat-en-route","7":"product_cat-auto-accessoires","8":"product_cat-chiens","10":"first","11":"instock","12":"taxable","13":"shipping-taxable","14":"product-type-simple"},"acf":[],"yoast_head":"<!-- This site is optimized with the Yoast SEO plugin v25.8 - https:\/\/yoast.com\/wordpress\/plugins\/seo\/ -->\n<title>Si\u00e8ge de voiture, 41x39x42cm, noir\/gris - alfauna AG<\/title>\n<meta name=\"robots\" content=\"index, follow, max-snippet:-1, max-image-preview:large, max-video-preview:-1\" \/>\n<link rel=\"canonical\" href=\"https:\/\/www.alfauna.ch\/fr\/boutique\/chiens\/en-route\/auto-accessoires\/siege-de-voiture-41x39x42cm-noir-gris\/\" \/>\n<meta property=\"og:locale\" content=\"fr_FR\" \/>\n<meta property=\"og:type\" content=\"article\" \/>\n<meta property=\"og:title\" content=\"Si\u00e8ge de voiture, 41x39x42cm, noir\/gris - alfauna AG\" \/>\n<meta property=\"og:description\" content=\"utilisable \u00e9galement en lit de voyage rehausseur de si\u00e8ge dessous, permet au chien de regarder par la fen\u00eatre s\u00e9curit\u00e9 du si\u00e8ge et ceinture de fixation avec la ceinture de s\u00e9curit\u00e9 de la voiture ceinture de fixation incluse pour attacher le chie\" \/>\n<meta property=\"og:url\" content=\"https:\/\/www.alfauna.ch\/fr\/boutique\/chiens\/en-route\/auto-accessoires\/siege-de-voiture-41x39x42cm-noir-gris\/\" \/>\n<meta property=\"og:site_name\" content=\"alfauna AG\" \/>\n<meta property=\"article:modified_time\" content=\"2026-04-26T23:16:50+00:00\" \/>\n<meta property=\"og:image\" content=\"https:\/\/www.alfauna.ch\/wp-content\/uploads\/2024\/04\/T13176_gr.jpg\" \/>\n\t<meta property=\"og:image:width\" content=\"1252\" \/>\n\t<meta property=\"og:image:height\" content=\"1200\" \/>\n\t<meta property=\"og:image:type\" content=\"image\/jpeg\" \/>\n<meta name=\"twitter:card\" content=\"summary_large_image\" \/>\n<script type=\"application\/ld+json\" class=\"yoast-schema-graph\">{\"@context\":\"https:\/\/schema.org\",\"@graph\":[{\"@type\":\"WebPage\",\"@id\":\"https:\/\/www.alfauna.ch\/fr\/boutique\/chiens\/en-route\/auto-accessoires\/siege-de-voiture-41x39x42cm-noir-gris\/\",\"url\":\"https:\/\/www.alfauna.ch\/fr\/boutique\/chiens\/en-route\/auto-accessoires\/siege-de-voiture-41x39x42cm-noir-gris\/\",\"name\":\"Si\u00e8ge de voiture, 41x39x42cm, noir\/gris - alfauna AG\",\"isPartOf\":{\"@id\":\"https:\/\/www.alfauna.ch\/fr\/#website\"},\"primaryImageOfPage\":{\"@id\":\"https:\/\/www.alfauna.ch\/fr\/boutique\/chiens\/en-route\/auto-accessoires\/siege-de-voiture-41x39x42cm-noir-gris\/#primaryimage\"},\"image\":{\"@id\":\"https:\/\/www.alfauna.ch\/fr\/boutique\/chiens\/en-route\/auto-accessoires\/siege-de-voiture-41x39x42cm-noir-gris\/#primaryimage\"},\"thumbnailUrl\":\"https:\/\/www.alfauna.ch\/wp-content\/uploads\/2024\/04\/T13176_gr.jpg\",\"datePublished\":\"2016-06-14T22:00:00+00:00\",\"dateModified\":\"2026-04-26T23:16:50+00:00\",\"breadcrumb\":{\"@id\":\"https:\/\/www.alfauna.ch\/fr\/boutique\/chiens\/en-route\/auto-accessoires\/siege-de-voiture-41x39x42cm-noir-gris\/#breadcrumb\"},\"inLanguage\":\"fr-FR\",\"potentialAction\":[{\"@type\":\"ReadAction\",\"target\":[\"https:\/\/www.alfauna.ch\/fr\/boutique\/chiens\/en-route\/auto-accessoires\/siege-de-voiture-41x39x42cm-noir-gris\/\"]}]},{\"@type\":\"ImageObject\",\"inLanguage\":\"fr-FR\",\"@id\":\"https:\/\/www.alfauna.ch\/fr\/boutique\/chiens\/en-route\/auto-accessoires\/siege-de-voiture-41x39x42cm-noir-gris\/#primaryimage\",\"url\":\"https:\/\/www.alfauna.ch\/wp-content\/uploads\/2024\/04\/T13176_gr.jpg\",\"contentUrl\":\"https:\/\/www.alfauna.ch\/wp-content\/uploads\/2024\/04\/T13176_gr.jpg\",\"width\":1252,\"height\":1200},{\"@type\":\"BreadcrumbList\",\"@id\":\"https:\/\/www.alfauna.ch\/fr\/boutique\/chiens\/en-route\/auto-accessoires\/siege-de-voiture-41x39x42cm-noir-gris\/#breadcrumb\",\"itemListElement\":[{\"@type\":\"ListItem\",\"position\":1,\"name\":\"Startseite\",\"item\":\"https:\/\/www.alfauna.ch\/fr\/\"},{\"@type\":\"ListItem\",\"position\":2,\"name\":\"Boutique\",\"item\":\"https:\/\/www.alfauna.ch\/fr\/boutique\/\"},{\"@type\":\"ListItem\",\"position\":3,\"name\":\"Si\u00e8ge de voiture, 41x39x42cm, noir\/gris\"}]},{\"@type\":\"WebSite\",\"@id\":\"https:\/\/www.alfauna.ch\/fr\/#website\",\"url\":\"https:\/\/www.alfauna.ch\/fr\/\",\"name\":\"alfauna AG\",\"description\":\"\",\"publisher\":{\"@id\":\"https:\/\/www.alfauna.ch\/fr\/#organization\"},\"potentialAction\":[{\"@type\":\"SearchAction\",\"target\":{\"@type\":\"EntryPoint\",\"urlTemplate\":\"https:\/\/www.alfauna.ch\/fr\/?s={search_term_string}\"},\"query-input\":{\"@type\":\"PropertyValueSpecification\",\"valueRequired\":true,\"valueName\":\"search_term_string\"}}],\"inLanguage\":\"fr-FR\"},{\"@type\":\"Organization\",\"@id\":\"https:\/\/www.alfauna.ch\/fr\/#organization\",\"name\":\"alfauna AG\",\"url\":\"https:\/\/www.alfauna.ch\/fr\/\",\"logo\":{\"@type\":\"ImageObject\",\"inLanguage\":\"fr-FR\",\"@id\":\"https:\/\/www.alfauna.ch\/fr\/#\/schema\/logo\/image\/\",\"url\":\"https:\/\/www.alfauna.ch\/wp-content\/uploads\/logo_alfauna_230px.png\",\"contentUrl\":\"https:\/\/www.alfauna.ch\/wp-content\/uploads\/logo_alfauna_230px.png\",\"width\":230,\"height\":123,\"caption\":\"alfauna AG\"},\"image\":{\"@id\":\"https:\/\/www.alfauna.ch\/fr\/#\/schema\/logo\/image\/\"}}]}<\/script>\n<!-- \/ Yoast SEO plugin. -->","yoast_head_json":{"title":"Si\u00e8ge de voiture, 41x39x42cm, noir\/gris - alfauna AG","robots":{"index":"index","follow":"follow","max-snippet":"max-snippet:-1","max-image-preview":"max-image-preview:large","max-video-preview":"max-video-preview:-1"},"canonical":"https:\/\/www.alfauna.ch\/fr\/boutique\/chiens\/en-route\/auto-accessoires\/siege-de-voiture-41x39x42cm-noir-gris\/","og_locale":"fr_FR","og_type":"article","og_title":"Si\u00e8ge de voiture, 41x39x42cm, noir\/gris - alfauna AG","og_description":"utilisable \u00e9galement en lit de voyage rehausseur de si\u00e8ge dessous, permet au chien de regarder par la fen\u00eatre s\u00e9curit\u00e9 du si\u00e8ge et ceinture de fixation avec la ceinture de s\u00e9curit\u00e9 de la voiture ceinture de fixation incluse pour attacher le chie","og_url":"https:\/\/www.alfauna.ch\/fr\/boutique\/chiens\/en-route\/auto-accessoires\/siege-de-voiture-41x39x42cm-noir-gris\/","og_site_name":"alfauna AG","article_modified_time":"2026-04-26T23:16:50+00:00","og_image":[{"width":1252,"height":1200,"url":"https:\/\/www.alfauna.ch\/wp-content\/uploads\/2024\/04\/T13176_gr.jpg","type":"image\/jpeg"}],"twitter_card":"summary_large_image","schema":{"@context":"https:\/\/schema.org","@graph":[{"@type":"WebPage","@id":"https:\/\/www.alfauna.ch\/fr\/boutique\/chiens\/en-route\/auto-accessoires\/siege-de-voiture-41x39x42cm-noir-gris\/","url":"https:\/\/www.alfauna.ch\/fr\/boutique\/chiens\/en-route\/auto-accessoires\/siege-de-voiture-41x39x42cm-noir-gris\/","name":"Si\u00e8ge de voiture, 41x39x42cm, noir\/gris - alfauna AG","isPartOf":{"@id":"https:\/\/www.alfauna.ch\/fr\/#website"},"primaryImageOfPage":{"@id":"https:\/\/www.alfauna.ch\/fr\/boutique\/chiens\/en-route\/auto-accessoires\/siege-de-voiture-41x39x42cm-noir-gris\/#primaryimage"},"image":{"@id":"https:\/\/www.alfauna.ch\/fr\/boutique\/chiens\/en-route\/auto-accessoires\/siege-de-voiture-41x39x42cm-noir-gris\/#primaryimage"},"thumbnailUrl":"https:\/\/www.alfauna.ch\/wp-content\/uploads\/2024\/04\/T13176_gr.jpg","datePublished":"2016-06-14T22:00:00+00:00","dateModified":"2026-04-26T23:16:50+00:00","breadcrumb":{"@id":"https:\/\/www.alfauna.ch\/fr\/boutique\/chiens\/en-route\/auto-accessoires\/siege-de-voiture-41x39x42cm-noir-gris\/#breadcrumb"},"inLanguage":"fr-FR","potentialAction":[{"@type":"ReadAction","target":["https:\/\/www.alfauna.ch\/fr\/boutique\/chiens\/en-route\/auto-accessoires\/siege-de-voiture-41x39x42cm-noir-gris\/"]}]},{"@type":"ImageObject","inLanguage":"fr-FR","@id":"https:\/\/www.alfauna.ch\/fr\/boutique\/chiens\/en-route\/auto-accessoires\/siege-de-voiture-41x39x42cm-noir-gris\/#primaryimage","url":"https:\/\/www.alfauna.ch\/wp-content\/uploads\/2024\/04\/T13176_gr.jpg","contentUrl":"https:\/\/www.alfauna.ch\/wp-content\/uploads\/2024\/04\/T13176_gr.jpg","width":1252,"height":1200},{"@type":"BreadcrumbList","@id":"https:\/\/www.alfauna.ch\/fr\/boutique\/chiens\/en-route\/auto-accessoires\/siege-de-voiture-41x39x42cm-noir-gris\/#breadcrumb","itemListElement":[{"@type":"ListItem","position":1,"name":"Startseite","item":"https:\/\/www.alfauna.ch\/fr\/"},{"@type":"ListItem","position":2,"name":"Boutique","item":"https:\/\/www.alfauna.ch\/fr\/boutique\/"},{"@type":"ListItem","position":3,"name":"Si\u00e8ge de voiture, 41x39x42cm, noir\/gris"}]},{"@type":"WebSite","@id":"https:\/\/www.alfauna.ch\/fr\/#website","url":"https:\/\/www.alfauna.ch\/fr\/","name":"alfauna AG","description":"","publisher":{"@id":"https:\/\/www.alfauna.ch\/fr\/#organization"},"potentialAction":[{"@type":"SearchAction","target":{"@type":"EntryPoint","urlTemplate":"https:\/\/www.alfauna.ch\/fr\/?s={search_term_string}"},"query-input":{"@type":"PropertyValueSpecification","valueRequired":true,"valueName":"search_term_string"}}],"inLanguage":"fr-FR"},{"@type":"Organization","@id":"https:\/\/www.alfauna.ch\/fr\/#organization","name":"alfauna AG","url":"https:\/\/www.alfauna.ch\/fr\/","logo":{"@type":"ImageObject","inLanguage":"fr-FR","@id":"https:\/\/www.alfauna.ch\/fr\/#\/schema\/logo\/image\/","url":"https:\/\/www.alfauna.ch\/wp-content\/uploads\/logo_alfauna_230px.png","contentUrl":"https:\/\/www.alfauna.ch\/wp-content\/uploads\/logo_alfauna_230px.png","width":230,"height":123,"caption":"alfauna AG"},"image":{"@id":"https:\/\/www.alfauna.ch\/fr\/#\/schema\/logo\/image\/"}}]}},"tiered_pricing_type":"fixed","tiered_pricing_fixed_rules":[],"tiered_pricing_product_settings":{"layout":"default","base_unit_name":{"singular":null,"plural":null},"default_variation":null},"tiered_pricing_minimum_quantity":null,"tiered_pricing_roles_data":[],"tiered_pricing_percentage_rules":[],"_links":{"self":[{"href":"https:\/\/www.alfauna.ch\/fr\/wp-json\/wp\/v2\/product\/209373","targetHints":{"allow":["GET"]}}],"collection":[{"href":"https:\/\/www.alfauna.ch\/fr\/wp-json\/wp\/v2\/product"}],"about":[{"href":"https:\/\/www.alfauna.ch\/fr\/wp-json\/wp\/v2\/types\/product"}],"wp:featuredmedia":[{"embeddable":true,"href":"https:\/\/www.alfauna.ch\/fr\/wp-json\/wp\/v2\/media\/535790"}],"wp:attachment":[{"href":"https:\/\/www.alfauna.ch\/fr\/wp-json\/wp\/v2\/media?parent=209373"}],"wp:term":[{"taxonomy":"product_brand","embeddable":true,"href":"https:\/\/www.alfauna.ch\/fr\/wp-json\/wp\/v2\/product_brand?post=209373"},{"taxonomy":"product_cat","embeddable":true,"href":"https:\/\/www.alfauna.ch\/fr\/wp-json\/wp\/v2\/product_cat?post=209373"},{"taxonomy":"product_tag","embeddable":true,"href":"https:\/\/www.alfauna.ch\/fr\/wp-json\/wp\/v2\/product_tag?post=209373"}],"curies":[{"name":"wp","href":"https:\/\/api.w.org\/{rel}","templated":true}]}}

https://www.alfauna.ch.vasco.sui-inter.net/shop/non%20classé/siege-de-voiture-41x39x42cm-noir-gris/

Siège de voiture, 41x39x42cm, noir/gris

<p>utilisable également en lit de voyage<br />
rehausseur de siège dessous, permet au chien de regarder par la fenêtre<br />
sécurité du siège et ceinture de fixation avec la ceinture de sécurité de la voiture<br />
ceinture de fixation incluse pour attacher le chie</p>

<p>utilisable également en lit de voyage rehausseur de siège dessous, permet au chien de regarder par la fenêtre sécurité du siège et ceinture de fixation avec la ceinture de sécurité de la voiture ceinture de fixation incluse pour attacher le chie</p>

<!-- This site is optimized with the Yoast SEO plugin v25.8 - https://yoast.com/wordpress/plugins/seo/ -->
<title>Siège de voiture, 41x39x42cm, noir/gris - alfauna AG</title>
<meta name="robots" content="index, follow, max-snippet:-1, max-image-preview:large, max-video-preview:-1" />
<link rel="canonical" href="https://www.alfauna.ch/fr/boutique/chiens/en-route/auto-accessoires/siege-de-voiture-41x39x42cm-noir-gris/" />
<meta property="og:locale" content="fr_FR" />
<meta property="og:type" content="article" />
<meta property="og:title" content="Siège de voiture, 41x39x42cm, noir/gris - alfauna AG" />
<meta property="og:description" content="utilisable également en lit de voyage rehausseur de siège dessous, permet au chien de regarder par la fenêtre sécurité du siège et ceinture de fixation avec la ceinture de sécurité de la voiture ceinture de fixation incluse pour attacher le chie" />
<meta property="og:url" content="https://www.alfauna.ch/fr/boutique/chiens/en-route/auto-accessoires/siege-de-voiture-41x39x42cm-noir-gris/" />
<meta property="og:site_name" content="alfauna AG" />
<meta property="article:modified_time" content="2026-04-26T23:16:50+00:00" />
<meta property="og:image" content="https://www.alfauna.ch/wp-content/uploads/2024/04/T13176_gr.jpg" />
	<meta property="og:image:width" content="1252" />
	<meta property="og:image:height" content="1200" />
	<meta property="og:image:type" content="image/jpeg" />
<meta name="twitter:card" content="summary_large_image" />
<script type="application/ld+json" class="yoast-schema-graph">{"@context":"https://schema.org","@graph":[{"@type":"WebPage","@id":"https://www.alfauna.ch/fr/boutique/chiens/en-route/auto-accessoires/siege-de-voiture-41x39x42cm-noir-gris/","url":"https://www.alfauna.ch/fr/boutique/chiens/en-route/auto-accessoires/siege-de-voiture-41x39x42cm-noir-gris/","name":"Siège de voiture, 41x39x42cm, noir/gris - alfauna AG","isPartOf":{"@id":"https://www.alfauna.ch/fr/#website"},"primaryImageOfPage":{"@id":"https://www.alfauna.ch/fr/boutique/chiens/en-route/auto-accessoires/siege-de-voiture-41x39x42cm-noir-gris/#primaryimage"},"image":{"@id":"https://www.alfauna.ch/fr/boutique/chiens/en-route/auto-accessoires/siege-de-voiture-41x39x42cm-noir-gris/#primaryimage"},"thumbnailUrl":"https://www.alfauna.ch/wp-content/uploads/2024/04/T13176_gr.jpg","datePublished":"2016-06-14T22:00:00+00:00","dateModified":"2026-04-26T23:16:50+00:00","breadcrumb":{"@id":"https://www.alfauna.ch/fr/boutique/chiens/en-route/auto-accessoires/siege-de-voiture-41x39x42cm-noir-gris/#breadcrumb"},"inLanguage":"fr-FR","potentialAction":[{"@type":"ReadAction","target":["https://www.alfauna.ch/fr/boutique/chiens/en-route/auto-accessoires/siege-de-voiture-41x39x42cm-noir-gris/"]}]},{"@type":"ImageObject","inLanguage":"fr-FR","@id":"https://www.alfauna.ch/fr/boutique/chiens/en-route/auto-accessoires/siege-de-voiture-41x39x42cm-noir-gris/#primaryimage","url":"https://www.alfauna.ch/wp-content/uploads/2024/04/T13176_gr.jpg","contentUrl":"https://www.alfauna.ch/wp-content/uploads/2024/04/T13176_gr.jpg","width":1252,"height":1200},{"@type":"BreadcrumbList","@id":"https://www.alfauna.ch/fr/boutique/chiens/en-route/auto-accessoires/siege-de-voiture-41x39x42cm-noir-gris/#breadcrumb","itemListElement":[{"@type":"ListItem","position":1,"name":"Startseite","item":"https://www.alfauna.ch/fr/"},{"@type":"ListItem","position":2,"name":"Boutique","item":"https://www.alfauna.ch/fr/boutique/"},{"@type":"ListItem","position":3,"name":"Siège de voiture, 41x39x42cm, noir/gris"}]},{"@type":"WebSite","@id":"https://www.alfauna.ch/fr/#website","url":"https://www.alfauna.ch/fr/","name":"alfauna AG","description":"","publisher":{"@id":"https://www.alfauna.ch/fr/#organization"},"potentialAction":[{"@type":"SearchAction","target":{"@type":"EntryPoint","urlTemplate":"https://www.alfauna.ch/fr/?s={search_term_string}"},"query-input":{"@type":"PropertyValueSpecification","valueRequired":true,"valueName":"search_term_string"}}],"inLanguage":"fr-FR"},{"@type":"Organization","@id":"https://www.alfauna.ch/fr/#organization","name":"alfauna AG","url":"https://www.alfauna.ch/fr/","logo":{"@type":"ImageObject","inLanguage":"fr-FR","@id":"https://www.alfauna.ch/fr/#/schema/logo/image/","url":"https://www.alfauna.ch/wp-content/uploads/logo_alfauna_230px.png","contentUrl":"https://www.alfauna.ch/wp-content/uploads/logo_alfauna_230px.png","width":230,"height":123,"caption":"alfauna AG"},"image":{"@id":"https://www.alfauna.ch/fr/#/schema/logo/image/"}}]}</script>
<!-- / Yoast SEO plugin. -->

Siège de voiture, 41x39x42cm, noir/gris - alfauna AG

utilisable également en lit de voyage rehausseur de siège dessous, permet au chien de regarder par la fenêtre sécurité du siège et ceinture de fixation avec la ceinture de sécurité de la voiture ceinture de fixation incluse pour attacher le chie
